{"id":75,"date":"2020-01-27T08:29:32","date_gmt":"2020-01-27T08:29:32","guid":{"rendered":"https:\/\/demosites.io\/web-agency-gb\/?page_id=75"},"modified":"2024-03-14T17:24:19","modified_gmt":"2024-03-14T14:24:19","slug":"15c42-web-agency-gb-contact-us","status":"publish","type":"page","link":"https:\/\/sahibindenordek.com\/index.php\/15c42-web-agency-gb-contact-us\/","title":{"rendered":"\u0130LET\u0130\u015e\u0130M"},"content":{"rendered":"\n<div class=\"wp-block-cover alignfull\" style=\"min-height:160px\"><span aria-hidden=\"true\" class=\"wp-block-cover__background has-nv-site-bg-background-color has-background-dim-100 has-background-dim\"><\/span><div class=\"wp-block-cover__inner-container is-layout-flow wp-block-cover-is-layout-flow\">\n<div class=\"wp-block-group is-layout-flow wp-block-group-is-layout-flow\"><div class=\"wp-block-group__inner-container\"><\/div><\/div>\n<\/div><\/div>\n\n\n\n<div class=\"wp-block-cover alignfull\" style=\"min-height:420px\"><span aria-hidden=\"true\" class=\"wp-block-cover__background has-nv-light-bg-background-color has-background-dim-0 has-background-dim\"><\/span><img fetchpriority=\"high\" decoding=\"async\" width=\"1335\" height=\"1280\" class=\"wp-block-cover__image-background wp-image-424\" alt=\"\" src=\"https:\/\/mlbxhjhuqrdw.i.optimole.com\/w:auto\/h:auto\/q:mauto\/ig:avif\/https:\/\/sahibindenordek.com\/wp-content\/uploads\/2024\/01\/275193443_146153654544225_7099093780525572936_n.jpg\" style=\"object-position:47% 28%\" data-object-fit=\"cover\" data-object-position=\"47% 28%\" srcset=\"https:\/\/mlbxhjhuqrdw.i.optimole.com\/w:auto\/h:auto\/q:mauto\/ig:avif\/https:\/\/sahibindenordek.com\/wp-content\/uploads\/2024\/01\/275193443_146153654544225_7099093780525572936_n.jpg 1335w, https:\/\/mlbxhjhuqrdw.i.optimole.com\/w:300\/h:288\/q:mauto\/ig:avif\/https:\/\/sahibindenordek.com\/wp-content\/uploads\/2024\/01\/275193443_146153654544225_7099093780525572936_n.jpg 300w, https:\/\/mlbxhjhuqrdw.i.optimole.com\/w:1024\/h:982\/q:mauto\/ig:avif\/https:\/\/sahibindenordek.com\/wp-content\/uploads\/2024\/01\/275193443_146153654544225_7099093780525572936_n.jpg 1024w, https:\/\/mlbxhjhuqrdw.i.optimole.com\/w:768\/h:736\/q:mauto\/ig:avif\/https:\/\/sahibindenordek.com\/wp-content\/uploads\/2024\/01\/275193443_146153654544225_7099093780525572936_n.jpg 768w\" sizes=\"(max-width: 1335px) 100vw, 1335px\" \/><div class=\"wp-block-cover__inner-container is-layout-flow wp-block-cover-is-layout-flow\">\n<div class=\"wp-block-columns is-layout-flex wp-container-core-columns-layout-1 wp-block-columns-is-layout-flex\">\n<div class=\"wp-block-column ticss-4ce656f1 is-layout-flow wp-block-column-is-layout-flow\">\n<div class=\"wp-block-group is-layout-flow wp-block-group-is-layout-flow\"><div class=\"wp-block-group__inner-container\">\n<p><\/p>\n\n\n\n<h3 class=\"wp-block-heading has-text-align-center has-neve-link-color-color has-text-color has-x-large-font-size\" style=\"font-style:normal;font-weight:700\">\u0130leti\u015fim <\/h3>\n\n\n\n<p><\/p>\n\n\n\n<p class=\"has-text-align-center has-nv-dark-bg-color has-text-color\" style=\"font-size:30px\">&nbsp;(0224) 250 50 83 &amp; 0532 427 11 91<\/p>\n\n\n\n<div style=\"height:24px\" aria-hidden=\"true\" class=\"wp-block-spacer\"><\/div>\n<\/div><\/div>\n<\/div>\n\n\n\n<div class=\"wp-block-column ticss-a5b4df29 is-layout-flow wp-block-column-is-layout-flow\">\n<div class=\"wp-block-group is-layout-flow wp-block-group-is-layout-flow\"><div class=\"wp-block-group__inner-container\">\n<div style=\"height:24px\" aria-hidden=\"true\" class=\"wp-block-spacer\"><\/div>\n\n\n\n<h3 class=\"wp-block-heading has-text-align-center has-neve-link-color-color has-text-color has-x-large-font-size\" style=\"font-style:normal;font-weight:700;text-transform:none\">Ofis<\/h3>\n\n\n\n<p class=\"has-text-align-center has-nv-dark-bg-color has-text-color\" style=\"font-size:30px\">K\u00fcpl\u00fcp\u0131nar, \u0130stanbul Cd No:15 D:E, 16200 Osmangazi\/Bursa<\/p>\n\n\n\n<div style=\"height:24px\" aria-hidden=\"true\" class=\"wp-block-spacer\"><\/div>\n<\/div><\/div>\n<\/div>\n<\/div>\n<\/div><\/div>\n\n\n\n<div class=\"wp-block-columns is-layout-flex wp-container-core-columns-layout-2 wp-block-columns-is-layout-flex\">\n<div class=\"wp-block-column is-layout-flow wp-block-column-is-layout-flow\" style=\"flex-basis:100%\"><div style=\"height:400pxpx;\" class=\"wp-block-themeisle-blocks-leaflet-map\" id=\"wp-block-themeisle-blocks-leaflet-map-d37b2e5a\"><\/div>\n<script type=\"text\/javascript\">\n\t\/* <![CDATA[ *\/\n\t\tif ( ! window.themeisleLeafletMaps ) window.themeisleLeafletMaps =[];\n\t\twindow.themeisleLeafletMaps.push( { container: \"wp-block-themeisle-blocks-leaflet-map-d37b2e5a\", attributes: {\"id\":\"wp-block-themeisle-blocks-leaflet-map-d37b2e5a\",\"latitude\":\"40.19935337400995\",\"longitude\":\"29.060419321066327\",\"bbox\":\"29.05413866043091,40.19771604908575,29.06669139862061,40.20099393721743\",\"zoom\":17,\"markers\":[{\"id\":\"814b655a-aa79-47d8-b730-49e8d12dddab\",\"latitude\":40.199785234412666,\"longitude\":29.061514735221866,\"title\":\"Mehmet Emin Tavuk\\u00e7uluk\",\"description\":\"\"}],\"location\":\"La Sagrada Familia, Barcelona, Spain\",\"height\":\"400px\",\"zoomControl\":true,\"draggable\":true,\"hasCustomCSS\":false,\"customCSS\":\"\",\"otterConditions\":[]} } );\n\t\/* ]]> *\/\n<\/script>\n<\/div>\n<\/div>\n\n\n\n<h2 class=\"wp-block-heading has-text-align-center has-background has-medium-font-size\" style=\"background-color:#18f123;font-style:normal;font-weight:700\">0532 427 11 91 <\/h2>\n\n\n\n<h2 class=\"wp-block-heading has-text-align-center has-background has-large-font-size\" style=\"background-color:#edf200;font-style:normal;font-weight:700\">Bir insana tamamen g\u00fcvendi\u011finiz zaman ya \u00f6m\u00fcrl\u00fck bir dost edinirsiniz ya da hayat\u0131n\u0131z\u0131n dersini al\u0131rs\u0131n\u0131z.<\/h2>\n","protected":false},"excerpt":{"rendered":"<p>0532 427 11 91 Bir insana tamamen g\u00fcvendi\u011finiz zaman ya \u00f6m\u00fcrl\u00fck bir dost edinirsiniz ya da hayat\u0131n\u0131z\u0131n dersini al\u0131rs\u0131n\u0131z.<\/p>\n","protected":false},"author":1,"featured_media":0,"parent":0,"menu_order":0,"comment_status":"closed","ping_status":"closed","template":"","meta":{"neve_meta_sidebar":"default","neve_meta_container":"","neve_meta_enable_content_width":"on","neve_meta_content_width":100,"neve_meta_title_alignment":"","neve_meta_author_avatar":"","neve_post_elements_order":"","neve_meta_disable_header":"","neve_meta_disable_footer":"","neve_meta_disable_title":"on","_themeisle_gutenberg_block_has_review":false,"footnotes":""},"_links":{"self":[{"href":"https:\/\/sahibindenordek.com\/index.php\/wp-json\/wp\/v2\/pages\/75"}],"collection":[{"href":"https:\/\/sahibindenordek.com\/index.php\/wp-json\/wp\/v2\/pages"}],"about":[{"href":"https:\/\/sahibindenordek.com\/index.php\/wp-json\/wp\/v2\/types\/page"}],"author":[{"embeddable":true,"href":"https:\/\/sahibindenordek.com\/index.php\/wp-json\/wp\/v2\/users\/1"}],"replies":[{"embeddable":true,"href":"https:\/\/sahibindenordek.com\/index.php\/wp-json\/wp\/v2\/comments?post=75"}],"version-history":[{"count":11,"href":"https:\/\/sahibindenordek.com\/index.php\/wp-json\/wp\/v2\/pages\/75\/revisions"}],"predecessor-version":[{"id":492,"href":"https:\/\/sahibindenordek.com\/index.php\/wp-json\/wp\/v2\/pages\/75\/revisions\/492"}],"wp:attachment":[{"href":"https:\/\/sahibindenordek.com\/index.php\/wp-json\/wp\/v2\/media?parent=75"}],"curies":[{"name":"wp","href":"https:\/\/api.w.org\/{rel}","templated":true}]}}